11
85727
What is 5a91a (base 12) in base 13?
43870
What is -52b31 (base 12) in base 3?
-12112012001
Convert -224668 (base 16) to base 3.
-11020010021101
Convert 469bb (base 15) to base 14.
5bd9d
Convert 1110010111000010000 (base 2) to base 9.
786416
Convert -4504c (base 13) to base 11.
-86153
What is 62b18e (base 16) in base 10?
6467982
What is -152452 (base 10) in base 2?
-100101001110000100
Convert 12014140312 (base 5) to base 3.
222000001000110
Convert 281533 (base 10) to base 12.
116b11
Convert -1664251 (base 7) to base 14.
-615d1
Convert -176215 (base 12) to base 7.
-3303521
What is 14cacb (base 14) in base 8?
2613033
What is 20ede (base 16) in base 7?
1101142
What is 23022113210 (base 4) in base 5?
1222113202
What is 22204013 (base 5) in base 8?
573322
-1730747 (base 11) to base 2
-1011001110101011111011
101001111001001100110 (base 2) to base 11
858427
-34554154 (base 8) to base 9
-15141376
What is 4210211 (base 8) in base 16?
111089
4eae26 (base 16) to base 4
103222320212
Convert -3405342 (base 6) to base 5.
-21003121
-2714202 (base 9) to base 11
-925398
What is -46625b (base 12) in base 7?
-12415556
Convert -2822078 (base 11) to base 2.
-10010100011011001000111
Convert -503545442 (base 6) to base 5.
-4144131422
-2647605 (base 8) to base 6
-23515421
What is 7590 (base 16) in base 10?
30096
Convert 4151213 (base 7) to base 16.
7a093
-18803 (base 10) to base 5
-1100203
What is -508bc (base 16) in base 10?
-329916
What is -255686 (base 13) in base 10?
-897500
-115147 (base 15) to base 6
-25421251
1315 (base 12) to base 15
9a2
What is 20214143 (base 5) in base 4?
213331121
256868 (base 9) to base 15
31342
Convert -2211000222100 (base 3) to base 4.
-11231120223
What is -1b84091 (base 12) in base 8?
-26373555
What is -5c2048 (base 16) in base 9?
-12321887
What is -2220471 (base 8) in base 10?
-598329
c112 (base 14) to base 9
50412
-132cde (base 16) to base 2
-100110010110011011110
-6a06a (base 11) to base 9
-163770
What is -1803227 (base 9) in base 13?
-292cb7
Convert 1313321312 (base 4) to base 8.
1677166
11be74 (base 16) to base 6
40531352
Convert -47236371 (base 8) to base 6.
-1004511121
-120013213 (base 4) to base 10
-98791
Convert -422565 (base 7) to base 15.
-16973
Convert -4349a4 (base 11) to base 6.
-22515554
Convert -1917c3 (base 14) to base 12.
-36997b
Convert -115720 (base 9) to base 15.
-15a60
What is -2011211222010 (base 3) in base 5?
-244031412
What is -1350403 (base 8) in base 6?
-12100431
-3743400 (base 8) to base 5
-231041414
What is -22202021122 (base 3) in base 9?
-282248
1010310022 (base 4) to base 9
468574
What is -1282436 (base 10) in base 9?
-2364148
What is -10011110100010000101100 (base 2) in base 13?
-10cb659
1262406 (base 7) to base 4
220222131
-76307 (base 15) to base 14
-9aab9
-202203100303 (base 4) to base 6
-522044031
1121332021 (base 4) to base 10
368521
Convert -1311112012 (base 4) to base 16.
-75586
Convert 32635a (base 11) to base 4.
1333022101
151033215 (base 6) to base 15
41c89b
14465462 (base 8) to base 9
6185510
Convert 2a41b (base 12) to base 13.
21026
Convert 323320201 (base 4) to base 8.
737041
What is 255071 (base 9) in base 13?
554b3
-57b8 (base 16) to base 13
-a2b5
What is -21122001210100 (base 3) in base 13?
-ac0203
Convert -121413231 (base 7) to base 2.
-11100111111100010111010
-131611241 (base 7) to base 2
-100000010000101001011000
What is 102230242 (base 5) in base 2?
1101000111111111000
What is -dc0817 (base 15) in base 8?
-47767055
-11261222 (base 10) to base 12
-3930ab2
-220001112200222 (base 3) to base 9
-26045628
-11101011111001100000000 (base 2) to base 4
-131133030000
What is -3110133110 (base 4) in base 13?
-246206
Convert -4332334423 (base 5) to base 8.
-43251447
What is -1323321333 (base 4) in base 16?
-7be7f
What is -130fa (base 16) in base 4?
-103003322
Convert -10089aa (base 11) to base 8.
-6633172
964370 (base 12) to base 11
137a687
What is 211021120 (base 3) in base 10?
16242
Convert -28671 (base 14) to base 16.
-186db
3571a8 (base 12) to base 13
2427a7
What is 81a99 (base 14) in base 8?
1141547
What is -5766ae (base 15) in base 7?
-50320136
-1aa3716 (base 11) to base 12
-122490a
Convert 2220201211022 (base 3) to base 14.
2c4aab
What is 10011101000101 (base 2) in base 7?
41211
What is -4836592 (base 10) in base 7?
-56052565
What is 13432140 (base 5) in base 11?
95a33
79588 (base 10) to base 8
233344
2202424100 (base 5) to base 12
1703029
Convert -21112021020122 (base 3) to base 6.
-221430455
Convert -242413240 (base 5) to base 15.
-17754a
Convert -12607322 (base 8) to base 11.
-1658101
What is -246315 (base 11) in base 7?
-3210126
-1441130 (base 6) to base 9
-136130
Convert 419512 (base 13) to base 7.
16020241
Convert -3130301 (base 7) to base 4.
-1130010101
-14542275 (base 8) to base 15
-45ac60
Convert -16d169 (base 16) to base 4.
-11231011221
Convert -22043123 (base 5) to base 13.
-68892
-21b8c (base 16) to base 9
-230421
Convert -12053300 (base 6) to base 2.
-1011100111001000100
What is 1306445 (base 7) in base 14?
46125
Convert 12301313221 (base 4) to base 14.
3438db
1b383a (base 12) to base 11
300133
What is c7299 (base 15) in base 6?
21312343
-323a852 (base 12) to base 6
-540221342
-3578b9 (base 13) to base 8
-4667337
What is -2056766 (base 9) in base 12?
-450b80
Convert 93257 (base 13) to base 5.
31422200
Convert 5436314 (base 9) to base 12.
b885aa
What is -1d697 (base 14) in base 6?
-1341021
307426 (base 8) to base 2
11000111100010110
What is -42114112 (base 5) in base 9?
-580362
11221120210121 (base 3) to base 14
4c6313
What is 1386c1 (base 14) in base 9?
1240721
Convert 21113 (base 9) to base 13.
6468
Convert 651070 (base 8) to base 13.
780ba
10431122 (base 8) to base 11
12a085a
Convert 57005 (base 8) to base 13.
ac56
What is -10231120 (base 4) in base 9?
-28411
What is -33041022 (base 5) in base 8?
-1052357
-71504 (base 11) to base 15
-20e1c
What is 1a7275 (base 13) in base 14?
137232
196528c (base 15) to base 9
37806546
Convert 714960 (base 12) to base 16.
1b0558
What is 3003323 (base 5) in base 4?
23203222
11010110010111011100100 (base 2) to base 15
93b456
What is -21132210 (base 4) in base 5?
-2220240
Convert -1020101112110 (base 3) to base 2.
-10100000011101000011
-2131212032 (base 4) to base 6
-21500302
-112111010210 (base 3) to base 2
-1000101100111010101
Convert 498278 (base 13) to base 8.
6555752
-909180 (base 10) to base 9
-1635140
-11b5cb (base 13) to base 10
-425033
21112111210121 (base 3) to base 5
2011140314
-654550 (base 7) to base 3
-12211001201
-210133211302 (base 4) to base 2
-100100011111100101110010
What is -7d7a7 (base 15) in base 4?
-1201221232
Convert 1046a4 (base 11) to base 16.
28d2f
-dee64 (base 16) to base 11
-573a47
Convert a94adc (base 14) to base 13.
125b456
65427 (base 9) to base 4
22211200
-11111100100010111011 (base 2) to base 10
-1034427
Convert 17651342 (base 9) to base 2.
100001111010101100011101
What is 65d2f (base 16) in base 5?
101321241
What is -176471 (base 9) in base 6?
-2204014
What is 128185 (base 9) in base 3?
10222012212
What is -3aee5 (base 15) in base 4?
-232020332
Convert 3023321 (base 7) to base 5.
42441230
12222202002 (base 3) to base 6
2305515
8ba272 (base 12) to base 7
25003064
What is bc31a (base 13) in base 15?
6b0ca
What is -4c78a (base 13) in base 15?
-2c0a5
What is -1745373 (base 8) in base 13?
-14b5ca
104714 (base 11) to base 8
506505
What is 50c532 (base 16) in base 9?
10857113
10d93 (base 14) to base 2
1010000010000101
203618 (base 9) to base 6
2331112
Convert 10100120002 (base 4) to base 13.
300a63
8eee4 (base 15) to base 7
3605215
-10144035 (base 6) to base 14
-790c7
-160255 (base 8) to base 9
-86807
-164174 (base 10) to base 3
-22100012112
42210022 (base 6) to base 7
13311524
What is 6fbe6d (base 16) in base 5?
3333320440
What is -6932375 (base 10) in base 6?
-404330155
What is 10653057 (base 8) in base 5?
1043101243
212301113223 (base 4) to base 13
214b225
Convert -19d53 (base 14) to base 10.
-65733
Convert 3bb362 (base 13) to base 4.
11202230010
-1368d3 (base 16) to base 13
-356c98
44121203 (base 5) to base 15
776d8
What is 18a45 (base 11) in base 10?
26548
Convert -1234130 (base 5) to base 14.
-8bd0
What is 16243342 (base 7) in base 16?
1803e5
What is 192d24 (base 15) in base 8?
4530005
Convert -135